alculate the remainder when 66 is divided by 3 + -2 + (11 - -5).
15
Let l be 3 - 54/(-10) - 4/10. Suppose 3*s = 4*b - l*b + 37, -4*s + 2*b = -64. Calculate the remainder when 69 is divided by s.
9
Suppose -3*t - j = -81, 2*t + 0*j = j + 59. What is the remainder when 139 is divided by t?
27
Let b = -61 + 72. Suppose 3*l - 39 = -2*r - r, 2*r - 30 = -3*l. Calculate the remainder when b is divided by r.
2
Suppose 5*h - 2*m - 2*m - 214 = 0, 4*h - 163 = -5*m. Let r = h - 24. Let w = 75 - r. What is the remainder when w is divided by 15?
12
Let l = -1110 + 1136. Let k(z) = 2*z + 4. What is the remainder when l is divided by k(7)?
8
Let u = 290 - 279. Let v(w) = -w**3 + 4*w**2 + 4*w + 7. Let b be v(5). Suppose -5*o = -b*o - 12. Calculate the remainder when u is divided by o.
3
Suppose 0*d = -d + 2*f + 5, -2*f + 55 = 3*d. Suppose -18*s + 135 = -d*s. What is the remainder when 222 is divided by s?
42
Let p(c) = -3*c**3 - 11*c**2 - 13*c - 7. Suppose -3*z - 57 + 216 = 0. What is the remainder when z is divided by p(-3)?
11
Calculate the remainder when 1458/30 - -5 - (-6)/(-10) is divided by 11.
9
Suppose -3*f = 4*x - 7*x - 12, 0 = -4*x - 3*f + 19. Calculate the remainder when 25 is divided by (-6 + 19)/(1/x).
12
Calculate the remainder when (-21)/(-14) - 0 - (-12968)/16 is divided by 12.
8
Let k(d) = -23*d + 2. What is the remainder when k(-6) is divided by 15 + ((-4)/(-6))/((-369)/(-27) + -14)?
10
Let m(l) = l + 20. Let q be (6 + 2)*12/(-8). Suppose -5*z + 3*j + 87 = 0, z + 49 = 4*z - j. Calculate the remainder when z is divided by m(q).
7
Let k(p) = -3*p + 44. Calculate the remainder when 138 is divided by k(10).
12
Suppose 14*x - 21*x + 105 = 0. What is the remainder when 2 is divided by 14/8 - x/20?
0
Suppose 456 = -h + 9*h. Calculate the remainder when 214 is divided by h.
43
Suppose -4*s = -s - 87. What is the remainder when (-994 + -7)/7*2/(-2) is divided by s?
27
Let l = 443 + -425. Calculate the remainder when 287 is divided by l.
17
Let y = 2989 - 2670. What is the remainder when y is divided by 65?
59
What is the remainder when 262 is divided by 33*((-5)/(-3) - 52/156)?
42
Let x = 709 - 699. Suppose z = 3 + 1. Calculate the remainder when x is divided by z.
2
Let x(s) = s**2 - 3*s - 2. Let t be x(4). Suppose -5*o + t*j - j = -408, -159 = -2*o - j. What is the remainder when o is divided by (5 + 6 + -12)*-28?
25
Calculate the remainder when (-564)/(-21) - (-19)/133 is divided by 8.
3
Suppose 5*l + 4*y - 34 = 0, 5*l + 3*y = 2*y + 46. Suppose -l = -4*b - 2*o, o - 5 = -4*b + 4*o. What is the remainder when ((-3)/(-6))/(b/160) is divided by 14?
12
Let n(m) = -m**2 - 11*m - 7. Suppose 6 = -q + 86. What is the remainder when q is divided by n(-7)?
17
Suppose -6*a + 2*a + 76 = 0. What is the remainder when 1345/40 + (-6)/(-16) is divided by a?
15
Calculate the remainder when (-28)/(-196) + (-3428)/(-14) is divided by 8.
5
Let f(x) = -2*x**2 - 21*x - 16. Let y(p) = p**2 + 10*p + 8. Let s = -23 - -28. Let w(d) = s*y(d) + 2*f(d). What is the remainder when 45 is divided by w(-8)?
5
Let b = 51 + -63. Calculate the remainder when 9 is divided by -1*15*b/30.
3
Suppose -64*b + 56*b + 1200 = 0. Calculate the remainder when b is divided by 12.
6
Let q = -109 - -194. Calculate the remainder when q is divided by 16.
5
Let l = -129 - -141. Calculate the remainder when 117 is divided by l.
9
Suppose -5*j + 216 = -664. What is the remainder when j is divided by 20?
16
Let v = 18 + 3. Let z = 4325 - 4245. What is the remainder when z is divided by v?
17
Let f be 181*(-3 + (-4)/(-1)). Suppose -2*h + 5*c = c - 88, 0 = -5*h - 3*c + f. What is the remainder when h is divided by (1/(-3))/((-5)/210)?
10
Let p = 248 + -226. What is the remainder when 87 is divided by p?
21
Let d(g) = g**2 - 5*g - 15. What is the remainder when d(12) is divided by 14?
13
Suppose 4 - 8 = -g. Let d = -4 - 4. Let s = g - d. Calculate the remainder when s is divided by 7.
5
Suppose -11*i = 416 - 1318. Suppose 3*k - 126 = -0*k. Calculate the remainder when i is divided by k.
40
Calculate the remainder when 184 is divided by 3312/108 + (-2)/(-6).
29
Suppose j + 13 = -5*w, -2*j = -5*w - j - 7. Let i be (w/(-3))/((-12)/36). Let u = 7 - i. What is the remainder when 24 is divided by u?
6
Suppose -5*o + 25 = c, -34 = -2*c - 0*o - 2*o. Suppose -5*u - g = 3*g - 24, -2*u = 2*g - 10. Calculate the remainder when c is divided by u.
3
Let z(t) = 44*t + 3. What is the remainder when 99 is divided by z(1)?
5
Let s(k) = -10*k - 28. Let a(d) = d**2 + 3*d + 13. What is the remainder when a(-7) is divided by s(-4)?
5
Let p be (-12 - -3 - 1)/1. Let q = p + 36. Calculate the remainder when 76 is divided by q.
24
Let m(q) = 4*q**2 + 3*q + 57. What is the remainder when m(-8) is divided by 58?
57
Let q(z) = z**3 - 40*z**2 + 270*z - 10. What is the remainder when q(7) is divided by 23?
10
Let x(d) = 4*d**2 - 5*d - 4. Let w be x(4). Calculate the remainder when w + 2 + (-1 - -2)*-3 is divided by 23.
16
Let l(z) = z**2 + 9*z - 2. What is the remainder when ((-3)/(-12))/((-3)/(-1164)) is divided by l(-11)?
17
Suppose -6*a + 300 = 6*a. What is the remainder when 34 is divided by a?
9
Let h(b) = 4*b - 1. Let a = 21 - 18. What is the remainder when 40 is divided by h(a)?
7
Suppose 3*i - 5 = -o, o - 3*o - 4*i + 10 = 0. Let f = o - -13. What is the remainder when 53 is divided by f?
17
Suppose 0 = 3*b - 9, 33*b + 550 = u + 31*b. What is the remainder when u is divided by 62?
60
Calculate the remainder when 244 is divided by (4 + -7 + 6)*-1 + 85.
80
Let c = -126 + 144. Let o(l) = -1 - 8 + l**2 - 5 - 2*l - 3*l. Calculate the remainder when o(11) is divided by c.
16
Suppose 2*f = -f + 177. Suppose 179 = 16*y - 317. Calculate the remainder when f is divided by y.
28
Suppose -4*k + k + 2*h + 18 = 0, h = k - 5. Let f = 932 + -911. Calculate the remainder when f is divided by k.
5
Let c(q) = -q + 25. Suppose 2*j - j + 9 = 0. What is the remainder when 66 is divided by c(j)?
32
Suppose -5*k + u = -123, -4*k = -2*u - 123 + 27. Calculate the remainder when 99 is divided by k.
24
Let z(r) = -r**2 - 9*r - 4. Let k be z(-8). Let s be (-91)/14 + (-2)/k. Let c = 8 + s. Calculate the remainder when 3 is divided by c.
0
Let r = 32 - 9. What is the remainder when ((-9)/(-6) + -1)/(3/534) is divided by r?
20
Suppose 76*z - 3559 = 3661. What is the remainder when 129 is divided by z?
34
Let d(z) = -3*z - 5*z**2 + 30 + 4*z**2 + 0. Calculate the remainder when 87 is divided by d(0).
27
Let p = -953 + 990. What is the remainder when 156 is divided by p?
8
Suppose -12 = -4*w + 3*q - 2*q, -3*w + 32 = 5*q. Suppose -5*r = -w*p + 116, -4*r - 76 + 12 = -2*p. Calculate the remainder when 1*46 - 0/(-2) is divided by p.
22
Suppose 3*p - r = -0*r - 17, -3*p - 16 = -2*r. Let i(g) = g**3 + 8*g**2 + 9*g + 4. What is the remainder when 85 is divided by i(p)?
19
Let n be 8*(0 - (-15)/(-10)). Let o = n - -26. Calculate the remainder when 54 is divided by o.
12
Let w(y) = -y + 190. Calculate the remainder when w(20) is divided by 58.
54
Let h = -8 - -10. Let i(v) = 3*v**2 + 7*v + 3. Let u be i(-4). Let j = u - 18. Calculate the remainder when j is divided by h.
1
Suppose 0 = -8*y + 119 + 57. What is the remainder when 51 is divided by y?
7
Let u be -270 + 3 + 3/(-3). Suppose -4*w + 13 = -27. Calculate the remainder when u/(-7) + (-10)/35 is divided by w.
8
Let d(k) = k**3 - 17*k**2 + 17*k + 29. Let c be d(16). Suppose 48*a - c*a = 36. Calculate the remainder when (-3)/(-9) + (-56)/(-3) is divided by a.
7
Let d(n) = -17*n - 1. Let o(r) = r - 5. Let v be o(7). Suppose -18 = -v*l - 0. Calculate the remainder when d(-1) is divided by l.
7
Suppose -4*y + 5*b + 10 = -11, -3*y + 17 = -5*b. Suppose y*c + 4*z - 10 - 82 = 0, 2*c + 4*z = 46. What is the remainder when c is divided by (-6)/(2*(-6)/24)?
11
Suppose -a + 5*l = 8, 4*a + 7*l - 2*l + 7 = 0. Let j(n) = -2*n**3 - n**2 + 6*n. What is the remainder when 132 is divided by j(a)?
24
Let x(n) = 2*n + 1. Let b(h) = -h**2 + 11*h + 1238. What is the remainder when x(7) is divided by b(-30)?
7
Suppose 98*x - 96*x = -5*m + 85, 3*x = 4*m + 116. Calculate the remainder when x is divided by 12.
4
Let p = 45 - -21. Calculate the remainder when 197 is divided by p.
65
Let y(h) = 18*h**2 + h + 1. Let w be y(-1). Let x = w - 8. C